 -1 - (7 + -7). Suppose -g = -2*b - 0*b. Calculate the remainder when 32 is divided by b.
10
Let r be (-9)/(-2 - (-15)/6). Let m = r - -25. Let n = 5 - 2. What is the remainder when m is divided by n?
1
Let h(y) = y**3 + 6*y**2. Calculate the remainder when 4/(-6)*(-4851)/66 is divided by h(-5).
24
Let y = -6 + 13. Let o(c) = -7*c + 39. What is the remainder when o(2) is divided by y?
4
Suppose 0 = -0*v + 4*v - 8. Suppose v*a + 0*d + 4*d - 106 = 0, 2*d + 76 = 2*a. Calculate the remainder when a is divided by 15.
13
Suppose -8 = -2*f + 36. Calculate the remainder when 840/f + (-2)/11 is divided by 13.
12
Suppose 15*x + 152 = 19*x. Calculate the remainder when x is divided by 15.
8
Let t = 41 + -38. What is the remainder when 13 is divided by t?
1
Suppose -7*l = -6*l - 11. What is the remainder when 64 is divided by l?
9
Let d(q) = q + 4. Let b(h) = 2*h + 3. Let w(g) = -3*b(g) + 2*d(g). What is the remainder when (-4)/(-10) - 276/(-10) is divided by w(-4)?
13
Suppose -5*u + 154 = 2*u. Let l = 148 - 63. What is the remainder when l is divided by u?
19
Let q(m) = m**3 + 3 - 4*m**2 + 4 + 0. Let f(a) = -a**2 + 7*a - 5. Let g be f(5). What is the remainder when q(g) is divided by 17?
15
Let x(l) = -l**3 - 7*l**2 + 6*l + 6. What is the remainder when x(-8) is divided by 8?
6
Suppose 0*g + 2*q = g + 281, 2*q + 1465 = -5*g. Let s be g/(-15) - (-2)/(-5). Suppose -2*j = -j - s. What is the remainder when j is divided by 7?
5
Let f = 35 + -23. Calculate the remainder when 20 is divided by f.
8
Suppose 0*q + 3*q = 33. Suppose 1 = i - q. Calculate the remainder when 33 is divided by i.
9
Suppose c + 312 = -3*l, 5*c - 511 = 5*l + 9. Let q = 148 + l. What is the remainder when q is divided by (-6)/(-27) + 266/18?
14
Let z(f) = 5*f**2 - 2*f + 5. Calculate the remainder when z(4) is divided by 13.
12
Let h(u) = u**2 + 5*u - 9. What is the remainder when 19 is divided by h(-7)?
4
Suppose -30 + 119 = 4*s + r, 4*r + 12 = 0. What is the remainder when s is divided by 6*((-13)/(-3) + -3)?
7
Let r = 0 + 4. Suppose r*g + f = 2*f + 69, -15 = -5*f. Calculate the remainder when g is divided by 10.
8
Let f(l) = l**2 - l - 3. Let v be (1/(-2))/((-7)/42). What is the remainder when f(v) is divided by 1?
0
Let c = -21 - -90. What is the remainder when c is divided by 18?
15
Let u = 1 - -1. Suppose u*p + 2*r - 16 = 6*r, 10 = 3*p + r. Suppose -153 = -3*h - 3*z, 87 = 2*h + p*z - 19. Calculate the remainder when h is divided by 13.
10
Let s = 16 + -35. Let u = -9 - s. Calculate the remainder when u is divided by 4.
2
Let y be (-2)/4*(-16)/4. Suppose y + 1 = n. Calculate the remainder when n is divided by 2.
1
Let o = -199 - -281. What is the remainder when o is divided by 12?
10
Let n(p) = p**3 - p**2 - 7*p + 6. What is the remainder when n(4) is divided by 14?
12
Suppose 0*s = 3*s - 9. Suppose -s*g + g + 96 = 0. What is the remainder when g is divided by 13?
9
Suppose -4*h + h + 60 = 0. Let v = 238 - 227. Calculate the remainder when h is divided by v.
9
Suppose 0*a - 10 = -2*a. Let t = -6 - -6. Suppose -5*z + 96 = -z - 5*w, 4*w + 16 = t. What is the remainder when z is divided by a?
4
Let j = 321 - 133. Let s be (j/(-16))/((-2)/24). Let u = s - 87. Calculate the remainder when u is divided by 19.
16
What is the remainder when (-7)/(-49) + 276/28 is divided by 4?
2
Let s(q) = q**3 + 9*q**2 - 27*q - 18. Calculate the remainder when s(-11) is divided by 10.
7
Let v(s) = s + 2. Let u be (4 - (-3 - -3)) + 2. What is the remainder when v(u) is divided by 5?
3
Let s = 4 - 1. Calculate the remainder when 3 is divided by s.
0
Let s = -112 + 79. Let v = 54 + s. Calculate the remainder when v is divided by 12.
9
Suppose 4*x = 2*l + 14, -2*x = -4*l - 1 + 3. Let h(u) = u + 15. What is the remainder when x is divided by h(-11)?
1
Suppose b - i = 15, 5*b + 7*i = 4*i + 51. Suppose -5*t + 238 = 2*t. What is the remainder when t is divided by b?
10
Suppose 0 = -6*h + 11*h - 95. Calculate the remainder when 73 is divided by h.
16
Let o(v) = -2*v - 27. Calculate the remainder when o(-16) is divided by 3.
2
Suppose -2*f = -f - 157. Let b = f - 105. Let l = 5 - -13. What is the remainder when b is divided by l?
16
Calculate the remainder when -15*(-1 + (-3)/(-5)) is divided by 5.
1
Suppose 0 = -x + 5 + 11. What is the remainder when 29 is divided by x?
13
Suppose 5 = -3*p + 4*p. Let q(o) be the second derivative of -o**4/12 + 5*o**3/3 - 7*o**2/2 - 5*o. What is the remainder when q(8) is divided by p?
4
Let a be (2/3)/((-3)/(-54)). Let w be (1/(-1))/(1/(-2)). Suppose -k = -w*k + a. Calculate the remainder when 34 is divided by k.
10
Let y(g) = g**3 - g**2 - 3*g + 1. Let v be y(2). What is the remainder when 38 is divided by (2 + v)/((-3)/(-60))?
18
Suppose -5*t = -5*k - 40, 0*t - 3*t = -k - 28. Suppose 2*p = 53 + 43. Calculate the remainder when p is divided by t.
8
Suppose 3*r - 93 = -5*z, 3*r - r + 5*z - 67 = 0. Calculate the remainder when 75 is divided by r.
23
Suppose 22*o = 111 - 45. Let r(q) = -2*q + 4. What is the remainder when r(-3) is divided by o?
1
Suppose -4*r + o = -0*o - 33, -5*r - o = -39. Calculate the remainder when 14 is divided by r.
6
Let n = 1 + 10. Calculate the remainder when 30 is divided by n.
8
Let b(x) = -x + 3. Let a be b(0). Let f be (-12)/(-10)*110/3. Suppose a*d = d + f. What is the remainder when d is divided by 8?
6
Let q = 15 + -23. Let x = -9 + 22. Let m = q + x. Calculate the remainder when 13 is divided by m.
3
Let q(d) be the third derivative of d**4/6 - 4*d**3/3 + 7*d**2. Calculate the remainder when 30 is divided by q(6).
14
Let d be (-24)/(-20)*30/9. Suppose -d*w = 3*k + 35 - 89, -5*w = -4*k - 83. Calculate the remainder when 27 is divided by w.
12
Suppose -66 = -5*a - 2*y, 3*a - 2*y = 18 + 28. Suppose 2*x - 9 = -2*f + 11, 0 = -f - 4*x + 16. What is the remainder when 326/f - 3/(-12) is divided by a?
13
Suppose 6*u - 3*u - 51 = -4*g, -4*g = -u - 63. Calculate the remainder when 26 is divided by g.
11
Suppose 0 = 2*t + 3*y - 42, 5*t = y - 5*y + 98. Calculate the remainder when 31 is divided by t.
13
Let v(x) = -x - 6. Let n = -13 + 21. Calculate the remainder when n is divided by v(-9).
2
Suppose 0 = -3*f + 4 + 2. Suppose 0 = -3*y, 4*n + f*y - y = 48. Suppose 4*m - 82 = -5*k + 3*k, -k = m - 18. Calculate the remainder when m is divided by n.
11
Let d(y) = y**2 + 7*y - 6. Let w be d(-8). Suppose w*q - 5 = -x, -4*q - x + 1 = -4. Calculate the remainder when (q - 34)*1/(-2) is divided by 9.
8
Suppose 0 = -0*l + 3*l + 15, -l = 5*j - 5. Suppose b + 81 = -j*b. Let z = -4 - b. What is the remainder when z is divided by 8?
7
Suppose t + 2*t = 0, -4*t = -4*h + 92. Calculate the remainder when 43 is divided by h.
20
Let x = -19 + 39. Suppose 5*d + 3*u = 4*u + x, -2*d + 3*u = -21. Suppose 0 = -d*f + 3*j + 6, -4*j = f - 3*f - 6. What is the remainder when 12 is divided by f?
5
Let a = 4 + 4. Let n = 4 + 0. Suppose -4*z + 5*l = l - 84, -z - n*l = -26. Calculate the remainder when z is divided by a.
6
Let t = -11 + 7. Let x = t - -8. What is the remainder when 11 is divided by x?
3
Let w = 102 - 22. Calculate the remainder when w is divided by 12.
8
Suppose -6*o + 4*m + 130 = -4*o, -m + 135 = 2*o. Calculate the remainder when o is divided by 15.
7
Let o = -48 + 50. Suppose 0 = 4*y - 16 - 8. Calculate the remainder when y is divided by o.
0
Let c(d) = 8*d**2 + 3*d + 3. Suppose 5*s + 3*q + 2*q = 15, 4*q - 26 = 3*s. Calculate the remainder when c(s) is divided by 10.
9
Let d be ((-1)/(-3))/((-1)/(-3)). Let n be (-13)/(-4) + d/(-4). Suppose n*y - 48 = -y. What is the remainder when 35 is divided by y?
11
Suppose -5*w = -w - 84. Let k be 2/(-9) - (-601)/(-9). Let g = k + 128. What is the remainder when g is divided by w?
19
Suppose -2*y = -2*h - h, -2*y + 10 = 2*h. Suppose y = -2*q + 27. Calculate the remainder when 35 is divided by q.
11
Let i(u) = u**3 + 11*u**2 + 13*u - 14. Suppose -r + 3*y + 32 = 0, 146 = 5*r - 3*y + 22. What is the remainder when i(-7) is divided by r?
22
Let t(g) = g**3 - g + 29. What is the remainder when 84 is divided by t(0)?
26
Let v = 16 - 14. Suppose 0 = -l - v*l + 18. What is the remainder when -10*(-1)/1 + 1 is divided by l?
5
Let u(p) = 65*p**2 - p + 1. Let n be u(1). Let f = -37 + n. Calculate the remainder when f is divided by 15.
13
Let d